2. Give m(r).
6
Let i(g) be the first derivative of -g**4/4 - 3*g**3 - g**2/2 + 3*g - 10321. What is i(-6)?
-99
Let m(w) = -35*w + 1. Let u(n) = 2*n**3 - 19*n**2 - 8*n - 19. Let f = -80 - -90. Let c be u(f). What is m(c)?
-34
Let y = -17606 - -17605. Let w(n) be the third derivative of -n**6/60 - n**3/6 + 6*n**2. Give w(y).
1
Let u = -1 - -10. Let d(h) = 11*h**3 - 18*h**2 - 8*h + 12. Let y(s) = -27*s**3 + 41*s**2 + 15*s - 24. Let k(x) = -5*d(x) - 2*y(x). What is k(u)?
-3
Let c(a) = 6*a**2 - 10*a - 10. Let l(n) = -5*n**2 - 11 - 9*n + 7*n**2 + 3*n**2. Let g(b) = 4*c(b) - 5*l(b). Determine g(7).
1
Let t(v) = -8*v**2 + v - 1. Let o(p) = -p**2. Let w(d) = -3*o(d) + t(d). Let q(y) = 2*y - 15 - 6 - 10. Let f be q(16). Calculate w(f).
-5
Let t(q) = 9*q - 57*q + 24 - 1 + 49*q + 7*q. What is t(-2)?
7
Suppose 0 = 4*b + 2*s - 67 + 59, -5*s = -4*b + 36. Let y(i) = -6*i + 7*i + i - 1 + i**2. Determine y(b).
23
Let f(m) = m**2 - 28. Let a be f(0). Let w = a - -29. Suppose 2*g - 2*u + 8 = 0, -5*g + u = -w + 9. Let n(v) = -13*v. Determine n(g).
13
Suppose -179*p - 300 = -29*p. Suppose -4*d = 2*s - 4, -d - 3*s - 9 = -0*d. Let g(q) = 4*q**d + q**3 + q**2 - 4*q**3 + 1. Determine g(p).
-3
Let n(u) be the third derivative of 3*u**4/8 + 349*u**3/6 - 7620*u**2. Give n(-38).
7
Suppose 0*w + 265 = 5*w. Let g = w + -57. Let z be ((-18)/g)/9*-4. Let s(o) = 6*o**2 + 4*o + 2. Calculate s(z).
18
Let f(t) = -t**2 + 6. Suppose -12*n + 17*n + 2*q + 128 = 0, 5*n - 5*q + 135 = 0. Let w be (-205)/(-65) - (3 + 74/n). What is f(w)?
-3
Let h(z) = -9*z - 204. Suppose 80*w + 50*w - 17*w = -2712. Calculate h(w).
12
Let i(r) = -3*r + 4*r**2 - 3*r**3 - 8*r**2 - 9*r**3 - 18*r**3 + 26*r**3. What is i(-2)?
22
Let u(d) = 6*d**2 - 10*d + 7. Let w be -7 - (-416)/78*(-3)/(-2). Determine u(w).
3
Let f = 3 - 5. Suppose 0 = -v, 5*l - 2*v - 18 + 3 = 0. Let i(a) = a**3 - 2*a + 0*a**3 - 3 + 8*a**3 - 8*a**l. Give i(f).
-7
Let s be (-2320)/(-1305) + (-6)/(-27). Let h(c) = -38*c + 45. Determine h(s).
-31
Let l be ((-10)/(-2))/(-5) - (-10 + 2). Suppose -l*m + 30 = -5. Let v(g) = 4*g - 5. Let k(t) = -3*t + 4. Let n(w) = -5*k(w) - 4*v(w). What is n(m)?
-5
Let t(g) = 7*g - 56. Let f(d) = 5*d - 34. Let w(i) = -3*f(i) + 2*t(i). Let z(b) = -b**3 + 4*b**2 + 2*b - 1. Let s be z(4). Calculate w(s).
-17
Let c(u) = u**3 - 15*u**2 - 5*u + 12. Let x be c(15). Let m be (-4)/(3*(-12)/x). Let b(q) = -q**2 - q + 10. What is b(m)?
-32
Let c(j) = 21*j**2 - 70*j - 25. Let s(n) = -13*n**2 + 48*n + 17. Let b(w) = -5*c(w) - 8*s(w). Determine b(-34).
-11
Let i(k) be the first derivative of k**4/4 + 3*k**3 + 3*k**2 + 6*k - 11301. What is i(-8)?
22
Suppose 0*f = 2*f - 4*q + 4, -6 = 2*q. Let s(a) be the second derivative of -7/2*a**2 + 2/3*a**4 + 1/20*a**5 + 1/3*a**3 + 0 - 242*a. What is s(f)?
-23
Let k be (-4 - (0 + (-9)/2))*0. Let m be (-10)/(-2)*(-5 - -6). Let u(g) = -3*g - m*g**3 - 5 + 4*g**3 + 2*g. Determine u(k).
-5
Let o = 42 - 33. Let p(n) be the second derivative of -n**6/360 + n**5/12 - n**4/2 - n**3 - n. Let t(r) be the second derivative of p(r). Give t(o).
-3
Let j(q) = -q**3 - 2*q**2 + 12*q - 8. Let n(g) = -2*g**3 - 3*g**2 + 29*g - 14. Let c(d) = -9*j(d) + 4*n(d). Give c(-4).
16
Let u be (1/2 + 0)*12. Suppose -v + u*v = -95. Let x = v - -22. Let g(f) = -f + 7. Calculate g(x).
4
Let q(o) = 12*o + 175. Let y be q(-23). Let w = 103 + y. Let f(m) = -5*m**3 + 2*m**2 + 2*m. Calculate f(w).
-28
Let z(o) = 9*o + 40. Let j be z(-11). Let b = j - -53. Let t(g) = g + g + 2*g - 4 - 2*g. Give t(b).
-16
Suppose -2*u = -4*u + 4*h - 8, 8 = -3*u + 5*h. Let g(l) = -21*l - l**3 + 7 - 20*l - u*l**2 + 48*l. Calculate g(-5).
-3
Let r(p) = -4*p - 8. Let b(t) = -t**3 + 4*t**2 + 2*t - 4. Let g = 57 + -53. Let x be b(g). Suppose -d - 4*u = -6*d - 42, -12 = -x*u. Calculate r(d).
16
Let j(t) = -10 + 15*t**2 + 18*t**2 - t**3 - 4*t + 73*t + 41 + 0*t**2. What is j(35)?
-4
Let b(g) = -3 + g + 0 - 12 + 11. Determine b(7).
3
Let k be -3 + (1 - -2) - 14. Let a = -18 - k. Let h(s) = 6*s**2 - 38*s - 9. Let d(f) = 4*f**2 - 30*f - 8. Let i(v) = -4*d(v) + 3*h(v). Calculate i(a).
13
Let q(f) be the third derivative of f**5/60 - f**4/12 - 2*f**3/3 + 3048*f**2. Let t = 23 - 20. Determine q(t).
-1
Let g(v) = -4*v + 1. Let t(h) = h**3 - h**2 - 3*h - 9. Let f be t(3). Let p = f - -4. Determine g(p).
-15
Let m(v) be the first derivative of -v**4/4 + 4*v**3/3 + 3*v**2/2 - 52. Suppose 31 = 3*w + 16. What is m(w)?
-10
Suppose -4*d - 3 + 1 = 2*f, -2*d = -2*f - 8. Let a be ((-12)/18)/(f/(-81)). Let y be 136/(-48) - (-3)/a. Let q(x) = 2*x + 4. Give q(y).
-2
Let a(s) = -8*s**2 - 3*s - 2. Let l(r) = 159*r**2 + 52*r + 35. Let u(w) = 18*a(w) + l(w). Let y(z) = -z**3 + 3*z**2 + 3*z + 3. Let d be y(4). Give u(d).
16
Let o = -16144 + 16145. Let c(h) = 89*h**3 - h**2 + h. What is c(o)?
89
Let v(m) = m**3 - 2*m**2 - 2. Let n be ((195/(-26))/5)/(6/(-8)). Calculate v(n).
-2
Let d(o) = o**3 - 6*o**2 - 30*o + 175. Let a be d(5). Let s(g) = g**2 + 4*g + 18. Determine s(a).
18
Suppose -79*r + 4 = 6 - 2. Let s(u) = -u**3 - u**2 + 24. Give s(r).
24
Let v = -1 + 1. Let m(o) = -8 - 779*o**3 + 404*o**3 + 376*o**3 + o**2. What is m(v)?
-8
Let b(y) be the first derivative of y**3/3 - 3*y**2 + 6*y + 3175. Let r(a) = a + 6. Let x = 2 - 2. Let u be r(x). Determine b(u).
6
Suppose 20*s - 38*s - 28*s + 46 = 0. Let u(m) = -13*m**3 + 1. What is u(s)?
-12
Let f(k) = -9*k - 9. Let m(y) = -16*y - 7. Let z(d) = -5*f(d) + 3*m(d). Give z(12).
-12
Let v(f) be the first derivative of -f**4/4 - 2*f**3 + f**2 + 8*f + 3. Suppose -8*t + 4*t = -20. Suppose 4*u + 3*x = t*u + 3, -5*u - 29 = -x. What is v(u)?
-4
Suppose -33*s + 60*s - 60 = 39*s. Let k(m) = 4*m - 15. Determine k(s).
-35
Let t(z) = -2*z**2 + 26*z - 29. Let g = 259 - 254. Suppose g*m - 65 = -5*o, -2*m = -o - 26 + 3. What is t(m)?
-5
Suppose 0 = -5*c - 20, w + 2*c + 1 = c. Let m(y) = 7*y**w - 2*y**2 + 5*y**3 - 3 + 5 - 10*y**3 + y + 0*y**3. Give m(-1).
-3
Suppose -2*p - 2 = -3*p, -5*a + 9 = -3*p. Suppose -3*t - 11 = 4*f, 9 = 2*f + a*t + 10. Let o(u) = 2*u + 7. Give o(f).
-3
Let q(n) = -n**3 - 3*n**2 + 2*n. Suppose -2*o + 485 - 66 = k, k + 202 = o. Let r = -209 + o. What is q(r)?
-8
Let w(z) = -7*z + 17. Let y = 23431 + -23435. Calculate w(y).
45
Let r(a) = 267*a + 8562. Let i be r(-32). Let c(l) = -l**2 + 26*l - 140. Calculate c(i).
4
Let d be (-1)/(-2*1/6). Let h(f) be the first derivative of -f**4/4 - 2*f**3/3 + 5*f**2/2 - 3*f + 31006. Give h(d).
-33
Let n(r) = -3362*r**2 - 3354*r**2 + 10076*r**2 - 3361*r**2 - 4 - r + r**3. Let x(t) = -t**3 - 5*t**2 + 6*t. Let z be x(-6). Give n(z).
-4
Let m = 564 - 529. Suppose 4*d = -7*n + 3*n + 52, m = 3*n + 2*d. Let f(h) = h + 1. Calculate f(n).
10
Let l(s) = -s - 7. Suppose -2369 = 4*a - 645. Let r = -439 - a. What is l(r)?
1
Let n(f) = -5*f + 65. Let s be n(12). Let t(p) = 6*p**2 + 1 + 8 - p**3 - 2 - 2 - 4*p. What is t(s)?
10
Let r(b) be the second derivative of b**5/60 + b**4/4 + 5*b**3/6 + 19*b**2 + 52*b. Let s(y) be the first derivative of r(y). What is s(-6)?
5
Let f = -12987 - -12988. Let q = -4 - -7. Let d(i) = 4*i + 0*i**3 - 3*i - i**q. What is d(f)?
0
Let n(g) = -g + 2. Let r(k) = -2*k + 1. Let z(x) = -11*x + 17. Let t(a) = 2*r(a) - z(a). Let h(s) = -6*n(s) - t(s). Give h(5).
-2
Let o(k) be the second derivative of -k**5/4 + k**4/6 + 2*k**3/3 + 5*k**2/2 + 497*k + 3. Calculate o(-2).
45
Suppose -2*u - 3*d = u - 12, -3*u = 4*d - 14. Let t(s) = 2*s**2 + 2*s + 6. Let w(v) = 2*v**2 - v + 1. Let f(b) = u*w(b) - t(b). Calculate f(-3).
26
Let m(w) = 3*w**3 - 2*w**2 + 9*w + 24. Let j be m(-2). Let t(q) = q**2 + 23*q - 78. Calculate t(j).
0
Suppose 6*z + 6 = 5*z. Let x(k) be the second derivative of 24*k + 1/20*k**5 + 0 + 7/12*k**4 + k**3 - k**2. Determine x(z).
-2
Let f(i) = 14*i - 3. Let c be (0 + 2)/(0 - (-1)/7). Suppose 4*q - c - 6 = 0. Suppose -1 = 2*t - q. What is f(t)?
25
Suppose 88*g - 177*g + 81*g = -40. Let u(t) = -t**2 - t - 1. Let n(a) = -2*a**2 - a - 3*a**2 + a**2 - 3 + 7*a. Let l(d) = n(d) - 3*u(d). Give l(g).
20
Suppose 15 - 63 = 16*n. Let w(f) be the second derivative of f**5/20 - f**3/6 - f**2 + 5*f. Determine w(n).
-26
Let q(n) = -43*n**3 + 4*n + 5. Let v(m) = 37*m**3 - 3*m - 4. Let r(d) = -6*q(d) - 7*v(d). Give r(-1).
2
Let o be (0 + -2)/((-2)/(-9)). Let s = 3 + o. Let q(g) = 15*g**2 - 19*